*n + 2. Determine i(-3).
17
Let p be (-3)/2 - 3/6. Let g = 6 + p. Let i(s) = g*s**2 + 3*s**2 + 1 - 6*s**2. Calculate i(3).
10
Let a(g) = -3*g**2 - g**3 + 2 + 1 + 5*g + g**2 - 2*g. Let v be a(-3). Let f(j) = j**2 - 2*j - 2. Calculate f(v).
1
Let o(x) = -x**3 + 4*x**2 - x - 1. Let f be o(3). Let a(y) = -3*y**2 + 8*y. Let d(p) = 10*p**2 - 25*p + 1. Let i(w) = -7*a(w) - 2*d(w). Determine i(f).
-7
Let d(z) = 2*z - 3 + 9 - 6 - 1. Give d(2).
3
Let u(z) = 85 - 2*z - 85. What is u(1)?
-2
Let t(k) = -k**2 - 3*k - 7. Let z = 49 + -54. Determine t(z).
-17
Let p(j) = -2*j + 3*j + 6*j - 3*j + 1. Suppose -m + 15 = 4*m. Suppose 4*h + m = h. Give p(h).
-3
Suppose 11*x = 7*x - 36. Let y(j) = j**2 + 8*j - 3. What is y(x)?
6
Let k(q) be the second derivative of q**5/30 - q**4/8 + 4*q**2 + 8*q. Let w(n) be the first derivative of k(n). What is w(3)?
9
Let c(v) be the first derivative of v**4/4 - 4*v**3/3 + 3*v**2/2 - 2*v - 3. Determine c(3).
-2
Let k = 6 + -4. Let w(i) = -3 + i**k + i**3 + 2*i**2 + 3 - 3*i - 2. Determine w(-4).
-6
Suppose 60 = 4*r + r. Suppose r + 16 = 4*y + 4*h, -4*y + 23 = -h. Let z(x) = -x**2 + 4*x + 7. Calculate z(y).
-5
Let d(s) = -2*s**3 - 2*s**2 - 6*s. Let f be 12/6 + 3/(-1). Let g(h) = h. Let w(a) = f*d(a) - 5*g(a). Calculate w(-1).
-1
Let g(d) = -4*d**3 - d. Let y be (5 + (3 - 1))/1. Suppose 0 = -3*l - y - 8. Let w(s) = -s**3. Let q(u) = l*w(u) - g(u). What is q(-1)?
-10
Let l(a) = -2*a - 3. Let y(p) = -5*p - 5 + p + 0. Let w(q) = -5*l(q) + 3*y(q). Calculate w(3).
-6
Let u(i) = -i + 1. Let d(l) = -l**2 - 11*l - 3. Let v be d(-11). Let p be u(v). Suppose p*a = -a + 15. Let g(q) = -q**3 + 4*q**2 - q - 2. Give g(a).
4
Let f(c) = c**3 - 7*c**2 + 7*c + 4. Let a be f(6). Let n(w) = -5*w**2 + w**3 - 2*w**3 - 8 + 1 + 8*w + a*w**2. What is n(6)?
5
Let n(p) = p**2 - 7*p + 8. Let x be n(6). Let u(z) = x*z - z - 6*z + z**2. Suppose 5*c - 5*s = 0, -3*c + s + 12 = c. What is u(c)?
-4
Let t = 59 + -61. Let x(c) = c**2 - 5*c - 8. Let q be x(6). Let j be (2 + q)*t/4. Let u(o) = -o**3 - o**2 + 9. Determine u(j).
9
Suppose -5*w = -7*w + 18. Let k(y) = -y**2 + 10*y. Calculate k(w).
9
Let s be (-44)/10 - 4/(-10). Let i(x) be the first derivative of 2*x - 2 - 2*x**2 - 1/3*x**3. Determine i(s).
2
Let p(i) = 3764*i + 2 - 3768*i + 1. Give p(3).
-9
Let d(a) = -a**2 - 6*a - 5. Let x be (3 + (-3)/6)*-2. Calculate d(x).
0
Let r(b) be the third derivative of 5*b**2 + 0*b**3 - 1/24*b**4 + 0*b + 0. Give r(-4).
4
Let b = 1 - -4. Suppose 0*d = d - b. Let i(t) = -3*t**3 + 18*t**2 - 7*t - 26. Let w(l) = l**3 - 6*l**2 + 2*l + 9. Let z(y) = 3*i(y) + 8*w(y). Give z(d).
-6
Let b(d) = -3*d**3 - d**2. Let f be b(-1). Let v(o) = 1 - 4*o + 4 + f*o - o**2 - 3. Calculate v(-5).
-13
Let a = 6 + -12. Let x(o) = o**3 + 5*o**2 - 4*o + 5. Let b be x(a). Let f = -4 - b. Let g(t) = t**2 - 3*t + 3. What is g(f)?
3
Let l(o) = o**2 - 6*o + 5. Let z = -21 + 14. Let b = -2 - z. Let f be l(b). Let m(s) = s**2 - 1. Determine m(f).
-1
Let i(c) be the third derivative of 7*c**5/60 + 3*c**4/8 + c**3/2 - c**2. Let a(f) = -15*f**2 - 19*f - 6. Let x(y) = -6*a(y) - 13*i(y). Determine x(-4).
-7
Let f(m) = -m**3 - 4*m**2 - m - 5. Suppose 2*c + s + 13 = 0, 13 = 3*c - 5*s - 0*s. Give f(c).
-1
Let f be 3/(-9)*0/3. Let s(v) = 2*v - 1 + 1 + f. Suppose -3*q + 0*q - 9 = 0. What is s(q)?
-6
Let u(m) = m**2 - 4*m + 5. Let k(p) = -3*p**2 + 11*p - 14. Let z(w) = -4*k(w) - 11*u(w). Give z(2).
5
Let l(c) = 5*c**3 - 8*c**2 + 4*c - 9. Let n(v) = v**3 - v**2 + v - 1. Let z(d) = -l(d) + 4*n(d). Calculate z(4).
5
Let s(f) = -2*f + 2. Let b(k) = k**2 + 5*k + 6. Let i be b(-4). Suppose 0*v = -2*v. Let m = i - v. Calculate s(m).
-2
Let f(y) = 5 - y**2 - 3*y**3 + 1 + y + 0*y**2. Let x(h) = -7*h**3 - 3*h**2 + 3*h + 12. Let b(n) = -5*f(n) + 2*x(n). Suppose 0 = -5*i - 3*i. What is b(i)?
-6
Let b = -4 + -6. Let j = 16 + b. Let t(u) = u**3 - 7*u**2 + 4*u + 7. Calculate t(j).
-5
Let u(t) = -2 + 35*t - 32*t - 4. Determine u(4).
6
Let c(u) be the second derivative of -u**7/2520 - u**6/240 - u**4/4 - 3*u. Let t(q) be the third derivative of c(q). Calculate t(-5).
-10
Let f = -11 + 17. Let u = 35 - 32. Let n(a) = 1 - 2*a**2 + f*a + 0 + u - 5. Give n(4).
-9
Let c(z) be the third derivative of z**4/8 - 31*z**2. Calculate c(-4).
-12
Let k(m) = -m**2 + m + 2. Let t = 1 - 1. Let s be k(t). Let o(c) = 2*c - 4 - c - s*c. Give o(0).
-4
Let v(w) = -7*w**3 + 10*w**2 - 2*w + 4. Let h(o) = -13*o**3 + 19*o**2 - 4*o + 7. Let c(i) = 6*h(i) - 11*v(i). Give c(3).
1
Let v = -4 + 3. Let a(w) be the first derivative of w**4/4 + 5*w**2/2 - 4. Let g(h) be the second derivative of a(h). Determine g(v).
-6
Let q(z) = -3*z**3 - 3*z**2 + 9*z + 6. Let y(h) = 4*h**3 + 5*h**2 - 13*h - 9. Let b(r) = -7*q(r) - 5*y(r). Give b(3).
0
Let k(b) = b**2 + 7*b + 2. Let h be k(-6). Let v(c) = c**2 + 2*c - 2. Determine v(h).
6
Suppose 0 = -13*y + 9*y - 20. Let m(v) = -v**2 - 5*v - 5. Give m(y).
-5
Let y(b) = b**2 - b. Let s(l) = l**3 + 12*l + 1. Let z(i) = s(i) + 6*y(i). What is z(-4)?
9
Let f(v) = v**3 - 3*v**2 - v - 3. Let x be (0 + 4)*18/24. Calculate f(x).
-6
Let s(o) = 0 + 2 + 2*o + 2 - 3. Determine s(1).
3
Let k = 284 + -6815/24. Let q(r) be the third derivative of 0 + 7/6*r**3 + 0*r - 2*r**2 + k*r**4. Calculate q(0).
7
Let y be (-3 + 10 - 1) + -11. Let h(a) = -3*a + 3*a + 3 + 2*a. Determine h(y).
-7
Let l(x) = x - 4 + 2 + 3*x. Calculate l(-2).
-10
Let x be (180/27)/(2/3). Let v(b) = -b - b**2 - 11 + b**3 - b + x. Give v(2).
-1
Suppose 12*h = 15*h - 6. Let c(f) = 6*f - 4. Calculate c(h).
8
Let z(o) = -o + 4. Let i(n) = -8*n - 2. Let d be i(-3). Let f be 4/d + 6/(-33). Determine z(f).
4
Let i = 0 - -2. Suppose 4 + 0 = i*n. Suppose -s - 3 = n. Let c(m) = m**3 + 6*m**2 + 4*m - 5. Give c(s).
0
Let i(m) = 582*m - 5 + 586*m - 1165*m. Give i(4).
7
Suppose 0 = 2*y + 4 - 0. Let o = 1 - y. Let s(v) = v**3 - 3*v**2 + 3*v. What is s(o)?
9
Let g(p) = p + 2*p + 4 + p**3 - 4*p**2 + 7*p**2. Let l be -1*(2 + -6 + 7). Give g(l).
-5
Let y(d) = -d + 2. Let i(b) = -3*b**3 - 2*b**2 - 2*b - 1. Let a be i(-1). Suppose -3*k - a*k - 180 = 0. Let j be 50/12 + 6/k. Calculate y(j).
-2
Let l(h) = -5*h**2 + 9*h + 20. Let p(g) = g**2 - 2*g - 5. Let w(i) = 2*l(i) + 9*p(i). Determine w(0).
-5
Let f = 10 - 8. Let u(p) = -p - 2. Let m(n) = -2*n - 5. Let w(i) = -4*m(i) + 9*u(i). What is w(f)?
0
Let a(x) = 3*x**3 - 2*x**2 + x - 6. Let g(q) = -13*q**3 + 9*q**2 - 5*q + 24. Let k(l) = -9*a(l) - 2*g(l). Determine k(0).
6
Suppose -5*l = 3*k + 6 + 3, 0 = 5*l + 15. Let y(v) be the second derivative of 1/3*v**3 - 9/20*v**5 + 3*v - 1/2*v**k + 0 + 0*v**4. Determine y(1).
-8
Let g = -4 - -4. Let n = g - -4. Let c(u) be the third derivative of u**6/120 - u**5/15 - u**4/24 + u**3/2 + 2*u**2. What is c(n)?
-1
Let h be 1*3 - (-4)/(-4). Suppose h*d = 8, -2*z - 16 = -7*z + d. Let v(m) = -z*m**2 + 3 - m**3 - m + 0*m + m. Determine v(-4).
3
Let v(q) be the third derivative of q**6/120 + q**5/30 + q**4/24 + q**3/6 - 2*q**2. Let h be 5/(-2) + (30/(-12))/(-5). Calculate v(h).
-1
Suppose -l + 4*x = -4, 2*x + 10 = -l - 10. Let u be (4/(-6))/(2/l). Suppose -5*m = 5*o + 45, 0*m + 5*o + 39 = -u*m. Let k(y) = y**2 + 8*y + 7. What is k(m)?
-5
Let j(l) = 2*l**3 - 5*l**2 - 3*l - 11. Let n(y) = y**3 - 3*y**2 - 2*y - 5. Let d(h) = 3*j(h) - 5*n(h). What is d(0)?
-8
Suppose 1 = 3*w - 26. Suppose -14*i = -11*i - w. Let o(g) = g**2 - 5*g - 2. Give o(i).
-8
Let m(l) = 4*l - 6. Suppose 0 = q + z - 1, 1 = 4*q + z + 4*z. Give m(q).
10
Let v(b) be the first derivative of -7*b**2/2 - 7. Give v(-1).
7
Let v(h) = -h + 0 - 6 + 4. What is v(-5)?
3
Let s(q) = 7*q**2 + 7*q - 2. Let j(n) = 11*n**2 + 11*n - 3. Let k(a) = -5*j(a) + 8*s(a). Determine k(-2).
1
Let z = -11 - -10. Let x(t) = 2*t**3 - 2*t - 1. Determine x(z).
-1
Let x(m) = -m**3 - 3*m**2 - 4. Let q(z) be the third derivative of 0 - 1/24*z**4 - 1/6*z**3 - 1/20*z**5 + 0*z - 2*z**2. Let t be q(-1). Calculate x(t).
-4
Let c(y) be the first derivative of -1/2*y**2 + 0*y - 1 + 1/4*y**4 + 2/3*y**3. What is c(2)?
14
Let h(w) = w**2 - w + 1. Let t(s) = -s**3 + s**2 + 6*s - 8. Let d(g) = -2*h(g) - t(g). Calculate d(4).
6
Suppose 4*l = -0*l - 88. Let o = l - -16. Let u(i) = -i**2 - 6*i - 5. Calculate u(o).
-5
Suppose -40 = -2*o - 16. Suppose -3*j + 6 = -0. Suppose -3*q + 3*w = -2*w - 4, -o = 4*q + j*w. L